uppose 0 = 5*m - 7 + 27. Calculate the remainder when (-116)/(m/12*2) is divided by 25.
24
Calculate the remainder when 73980/297 - (-1)/(-11) is divided by ((-46)/4)/((-8)/16).
19
Let p be 80/12*(-12)/8. What is the remainder when 6 is divided by -5 + 55*(-2)/p?
0
Suppose 4*b = -12, -5*u + 2*b = -0*u - 631. Suppose 0 = -84*s + 83*s + 2*x + 16, 3*s + 5*x - 15 = 0. What is the remainder when u is divided by s?
5
Suppose 6*w - 16 - 59 = 93. Suppose 4*i - 451 = 205. What is the remainder when i is divided by w?
24
Let h = -2347 - -7158. Calculate the remainder when h is divided by 6.
5
Let q be (-3 - -1)*2 + 5. Suppose 15 = 5*o, -z + o = z - q. Suppose 2*n + 4*m = 38, -z = m - 4. Calculate the remainder when 119 is divided by n.
14
Let x(w) = 2*w**2 + 4*w - 3. Let l be ((-156)/24 - -7) + (-518)/4. Let c = l + 150. What is the remainder when c is divided by x(-4)?
8
Suppose -233*y + 238*y - g = 91, -21 = -y + 3*g. What is the remainder when y is divided by 10?
8
Let l(a) = 49*a - 86. Calculate the remainder when (20/(-25))/((-6)/255) is divided by l(2).
10
Let z = 10262 + -10258. What is the remainder when 1265 is divided by z?
1
Let t(b) be the first derivative of 2*b**3/3 + 2*b**2 - 3. Suppose v - 16 = -2*s, 3*s - 5*s - 5*v = -16. Calculate the remainder when s is divided by t(-3).
2
Let a = 7 + 1. Suppose -26*p = -21*p - 3855. Suppose p = -h + 773. Calculate the remainder when a is divided by h.
0
Let l = 4823 + -4709. Calculate the remainder when 289 is divided by l.
61
Let v = -150 + 287. What is the remainder when v is divided by (-5)/((-23)/72 + 170/1530)?
17
Let u(p) = -7 - 2*p**2 + 5*p - 3*p**3 - 2*p**3 + 19*p**2 + 4*p**3. Let a = 247 + -231. What is the remainder when u(17) is divided by a?
14
What is the remainder when 1679 is divided by (18/(-63))/(-2*(-9)/(-1260))?
19
Let m = -13 + 21. Suppose -2*s - 8 = m. Let p(b) = -b**2 - 8*b + 3. Calculate the remainder when 3 is divided by p(s).
0
Let p = 136 + 100. What is the remainder when p is divided by 43?
21
Suppose 0 = -3*z + j - 2*j + 185, 5*j + 112 = 2*z. Calculate the remainder when 649 is divided by z.
39
Let k = 274 + -102. Suppose -3*j - 439 + k = 0. Let n = -57 - j. What is the remainder when n is divided by 18?
14
Let v = -166 - -168. Let o(m) = 5*m**2 - 4*m + 3. Calculate the remainder when 112 is divided by o(v).
7
Suppose -34*l + 60*l - 91104 = 0. What is the remainder when l is divided by 117?
111
Let h = -65 + 290. Suppose 24 = -h*p + 229*p. What is the remainder when 101 is divided by p?
5
Let c = 692 - 1700. Calculate the remainder when ((-12)/(-7))/((-8)/c) is divided by 74.
68
Let y(u) = -75*u**2 - 8*u + 9. Let n be y(1). Let f = -64 - n. Calculate the remainder when 12 is divided by f.
2
Calculate the remainder when 629 is divided by (28/6)/7 - (-2 + 190/(-3)).
35
Suppose -11*x + 102 = -52. What is the remainder when -20*(-7)/x*30/4 is divided by 41?
34
Let s(q) = -60*q - 22. Let c be s(0). Calculate the remainder when 91 is divided by (-1 - (-2)/6)/(c/495).
1
Suppose -l - 5*x = -584, -8*l = -7*l + 2*x - 572. Calculate the remainder when l is divided by 5.
4
Let o = 1645 - 1373. What is the remainder when o is divided by 14?
6
Suppose 68*p + 114*p - 6132 = 36*p. What is the remainder when p is divided by 22?
20
Suppose 3*i + 1 = 4*i + 4*g, -5*g = -5*i + 30. Let m = 10 + 3. Suppose 378 - m = i*n. What is the remainder when n is divided by 25?
23
Let c(g) = 13*g**2 + 2*g + 1. Suppose 396*m - 383*m - 273 = 0. What is the remainder when c(-2) is divided by m?
7
Let s(l) = -l**2 - 47*l + 1763. Calculate the remainder when s(-68) is divided by 178.
157
Calculate the remainder when (((-4)/((-16)/(-4)))/(-1))/((-7)/(-44898)) is divided by 5.
4
Let x(m) = m**2 - 25*m + 39. Let z be x(23). Let n = 132 - z. Calculate the remainder when n is divided by 35.
34
Let c(j) = -1401*j**3 - 5*j**2 - 10*j - 5. What is the remainder when c(-1) is divided by 12?
9
Let q = 254 - 389. Let w = q + 145. Calculate the remainder when 20 is divided by w.
0
Suppose 15 = -3*n, b + 23*n - 25*n = 954. Calculate the remainder when b is divided by 22.
20
Suppose 0 = 4*g + 2*n - 238, 4*g - 3*n = -2*n + 241. What is the remainder when g is divided by (-6)/9 - 98/(-3)?
28
Suppose 0*n = -4*n + 4*s + 676, -5*n - 3*s = -845. Let l = -66 + n. Let j(m) = -m**2 + 12*m - 1. Calculate the remainder when l is divided by j(9).
25
Let m be 11 + (-22 - -1)/3. Suppose -2*s + 78 = -3*r + m*r, 4*s + 252 = 4*r. Calculate the remainder when r is divided by 3.
2
Let p = -32 + 101. Suppose 7*i = -1633 - 313. Let r = i + 290. What is the remainder when p is divided by r?
9
Calculate the remainder when 1434 is divided by ((-2)/(-5))/((-228)/285)*-186.
39
Let d = 6067 - 6034. What is the remainder when 51 is divided by d?
18
Suppose -g = -4*o + 84, 0 = -6*o + 6*o - 2*g. What is the remainder when o is divided by 5?
1
Let k(n) = 10*n - 4. Suppose -9*u + 190 = 136. Calculate the remainder when k(3) is divided by (420/(-100))/(u/(-20)).
12
Let j(w) = w**3 - 8*w**2 + 6*w - 25. What is the remainder when j(9) is divided by (19/3)/((-3)/(-9))?
15
Suppose -p = 30 - 42. Suppose -9 = -m - z, -2*m + m - 4*z + p = 0. Suppose -69 = -5*f + 86. Calculate the remainder when f is divided by m.
7
Suppose 156*m - 89 = 157*m - 663. Calculate the remainder when m is divided by 83.
76
Suppose 93 = u - 5*l, 5*u - 6*u + 121 = 2*l. What is the remainder when 265 is divided by u?
39
Let i(q) = q**3 + 63*q**2 - 736*q - 83. What is the remainder when i(-73) is divided by 84?
19
Let v = 160 - -7. Let w = v + -128. What is the remainder when w is divided by 21?
18
Let s(q) = -30*q - 1986. What is the remainder when s(-70) is divided by 61?
53
Suppose 3*q - 35 = 2*r, -r - 4*r - 2*q - 116 = 0. Let v = r + 26. Suppose -12 = v*i - 136. What is the remainder when 88 is divided by i?
26
Suppose 4*s - 2966 + 2735 = -5*m, -5*s + 418 = 9*m. Calculate the remainder when ((-62)/(-3))/((-1)/(-3)) is divided by m.
15
Let y be (-14)/(-6) - 8/(-12). Let t(o) = 9*o - 15. Let l be t(y). Let g = 105 + l. Calculate the remainder when g is divided by 24.
21
Suppose 355 = -31*y + 36*y. Suppose 2*p - y + 41 = 0. Calculate the remainder when 116 is divided by p.
11
Let i = 34720 - 34710. Let c(t) = t**3 + 8*t**2 - 6*t + 3. What is the remainder when c(-7) is divided by i?
4
Suppose -5*q = -3*i - i - 1743, -2*i - 696 = -2*q. Suppose 0 = 374*g - 383*g + 810. What is the remainder when q is divided by g?
81
Let r(k) = k**2 + 8*k + 9. Let x = 136 + -144. Let a be r(x). What is the remainder when 16 is divided by (1/(-12) - (-3)/4)*a?
4
Let u be (52/78)/((-4)/(-30)). Let h be u/(-2)*12/(-10). Let g(x) = x**2 + 6. Calculate the remainder when 27 is divided by g(h).
12
Let n(u) = 196*u + 3242. What is the remainder when 1165 is divided by n(-16)?
105
Calculate the remainder when 1205 is divided by (-8)/((-240)/2634) + (-63)/35.
1
Suppose -6*g = -5*j - 4*g + 42, 3*g = -3. Suppose 234 - j = 5*o + c, -3*o = -2*c - 146. Calculate the remainder when 228 is divided by o.
44
Suppose 5*q - 2303 = -25*q - 19*q. Calculate the remainder when 624 is divided by q.
13
Let a(v) = 75*v**2 - 533*v + 532. Suppose 42 = l - 1. What is the remainder when a(1) is divided by l?
31
Suppose -3*b + 1681 + 2309 = 0. Suppose -k - 60*w + 55*w + 71 = 0, -428 = -4*k - 2*w. Calculate the remainder when b is divided by k.
109
Suppose c = 2*g - 57, 3*g - 8 = -3*c + 64. Calculate the remainder when 80 is divided by g.
26
Let b = 206 + -165. Suppose -4*f + b = -27. Calculate the remainder when 2/(-7) + 331/7 is divided by f.
13
Calculate the remainder when 231 is divided by ((-18)/(-3) - 6) + -2 - -26.
15
Suppose d - 7 = -3*t - d, -3*t + 3*d = -27. Let s(o) = 91*o - 28*o - 28*o - 15 - 28*o. Calculate the remainder when 28 is divided by s(t).
8
Calculate the remainder when 779 is divided by (-428)/(-1712)*(93 - 1).
20
Let a = 727 - 550. Calculate the remainder when a is divided by 55.
12
Let l(z) = -7 - 7 + 13 + 0 + 4*z**2. Calculate the remainder when 141 is divided by l(2).
6
Suppose 189*b = 191*b - 80. Calculate the remainder when 126 is divided by 0/2 + (b + -3)/1.
15
What is the remainder when (-8460)/(-24)*1782/135 is divided by 20?
13
Let s = -4 + 28. Suppose -3*c + 5*r + 105 = 0, -931*c + 92 = -929*c + 4*r. Wha